{"id":2320,"date":"2021-03-09T14:56:54","date_gmt":"2021-03-09T13:56:54","guid":{"rendered":"https:\/\/lsr-bw.de\/seniorenraete\/reutlingen\/?page_id=2320"},"modified":"2021-08-01T12:12:35","modified_gmt":"2021-08-01T11:12:35","slug":"netzwerk-wohnberatung","status":"publish","type":"page","link":"https:\/\/lsr-bw.de\/seniorenraete\/reutlingen\/informationen\/wohnen\/netzwerk-wohnberatung\/","title":{"rendered":"Netzwerk Wohnberatung"},"content":{"rendered":"<p>\u201eWohnen Sie noch oder leben sie schon?\u201c Dieser Werbeslogan einer bekannten M\u00f6belfirma trifft den Nagel auf den Kopf, gerade wenn es ums Wohnen im h\u00f6heren Lebensalter geht. Die Wohnung wird mit fortschreitendem Alter zu einem Ort, an dem wir sehr viel Lebenszeit verbringen.<\/p>\n<p><strong>Immer mehr Menschen in der Mitte des Lebens besch\u00e4ftigen sich deshalb mit Fragen wie z.B.:<\/strong><\/p>\n<ul>\n<li>Wo und wie will ich wohnen?<\/li>\n<li>Wie gestalte ich Wohnzukunft, wenn das Monatseinkommen mit der Rente schrumpft?<\/li>\n<li>Was ist wichtig, wenn ich mit Bewegungseinschr\u00e4nkungen sicher und komfortabel wohnen will?<\/li>\n<li>Wie kann ich mit Nachbarn tragf\u00e4hige Kontakte aufbauen?<\/li>\n<li>&#8230;?<\/li>\n<\/ul>\n<p>Im \u201eNetzwerk Wohnberatung\u201c haben sich professionelle und ehrenamtliche Wohnberater zusammengeschlossen. Sie unterst\u00fctzen und begleiten Menschen in allen Altersgruppen und Lebensphasen bei der Gestaltung ihrer Wohnsituation. Die b\u00fcrgerschaftlichen engagierten Projektinitiatoren verf\u00fcgen durch fr\u00fchere Berufst\u00e4tigkeiten \u00fcber Expertisen in den Bereichen Bauen und Planen, Kreditwesen, Entwicklung selbst organisierter gemeinschaftlicher Wohnformen und besondere Wohnbed\u00fcrfnisse.<\/p>\n<p>Die Wohnberater haben es sich auch zur Aufgabe gemacht, die Bedeutung des Themas \u201eWohnen mit Komfort auch im Alter\u201c in der \u00d6ffentlichkeit bekannter zu machen. Im Zuge des demografischen Wandels wird es immer wichtiger werden, einen Aufenthalt im Pflegeheim durch angemessenen, barriere-reduzierten Wohnraum wenigstens hinauszuz\u00f6gern, wenn nicht gar zu verhindern. Politik, Wohnungswirtschaft und Fachdienste k\u00f6nnen ihren Teil beitragen.<\/p>\n<p>Das Netzwerk Wohnberatung will daf\u00fcr sorgen, dass der Stein ins Rollen kommt. Es wird koordiniert und moderiert von der Abteilung f\u00fcr \u00c4ltere der Stadt Reutlingen. Die Beratung ist f\u00fcr Sie kostenlos.<\/p>\n","protected":false},"excerpt":{"rendered":"<p>\u201eWohnen Sie noch oder leben sie schon?\u201c Dieser Werbeslogan einer bekannten M\u00f6belfirma trifft den Nagel auf den Kopf, gerade wenn [&hellip;]<\/p>\n","protected":false},"author":8,"featured_media":0,"parent":2280,"menu_order":1,"comment_status":"closed","ping_status":"closed","template":"","meta":[],"_links":{"self":[{"href":"https:\/\/lsr-bw.de\/seniorenraete\/reutlingen\/wp-json\/wp\/v2\/pages\/2320"}],"collection":[{"href":"https:\/\/lsr-bw.de\/seniorenraete\/reutlingen\/wp-json\/wp\/v2\/pages"}],"about":[{"href":"https:\/\/lsr-bw.de\/seniorenraete\/reutlingen\/wp-json\/wp\/v2\/types\/page"}],"author":[{"embeddable":true,"href":"https:\/\/lsr-bw.de\/seniorenraete\/reutlingen\/wp-json\/wp\/v2\/users\/8"}],"replies":[{"embeddable":true,"href":"https:\/\/lsr-bw.de\/seniorenraete\/reutlingen\/wp-json\/wp\/v2\/comments?post=2320"}],"version-history":[{"count":3,"href":"https:\/\/lsr-bw.de\/seniorenraete\/reutlingen\/wp-json\/wp\/v2\/pages\/2320\/revisions"}],"predecessor-version":[{"id":2565,"href":"https:\/\/lsr-bw.de\/seniorenraete\/reutlingen\/wp-json\/wp\/v2\/pages\/2320\/revisions\/2565"}],"up":[{"embeddable":true,"href":"https:\/\/lsr-bw.de\/seniorenraete\/reutlingen\/wp-json\/wp\/v2\/pages\/2280"}],"wp:attachment":[{"href":"https:\/\/lsr-bw.de\/seniorenraete\/reutlingen\/wp-json\/wp\/v2\/media?parent=2320"}],"curies":[{"name":"wp","href":"https:\/\/api.w.org\/{rel}","templated":true}]}}