{"id":2301,"date":"2021-03-09T14:11:03","date_gmt":"2021-03-09T13:11:03","guid":{"rendered":"https:\/\/lsr-bw.de\/seniorenraete\/reutlingen\/?page_id=2301"},"modified":"2021-07-30T13:18:53","modified_gmt":"2021-07-30T12:18:53","slug":"verbraucherzentrale-baden-wuerttemberg","status":"publish","type":"page","link":"https:\/\/lsr-bw.de\/seniorenraete\/reutlingen\/informationen\/leben-im-alter\/verbraucherzentrale-baden-wuerttemberg\/","title":{"rendered":"Verbraucherzentrale Baden-W\u00fcrttemberg"},"content":{"rendered":"<p>Der Verband setzt sich f\u00fcr eine gerechte und nachhaltige Gesellschafts- und Wirtschaftsordnung ein, in der die Bed\u00fcrfnisse der Verbraucher im Mittelpunkt stehen. Der vzbv vertritt ihre Interessen gegen\u00fcber Politik, Wirtschaft und Verwaltung und klagt Verbraucherrechte vor Gericht ein. Als Dachverband der 16 Verbraucherzentralen der L\u00e4nder und 25 weiterer verbraucherpolitischer Verb\u00e4nde b\u00fcndelt er die Kr\u00e4fte f\u00fcr einen starken Verbraucherschutz. Mitten in Reutlingen, in der Kanzleistra\u00dfe 20, hat die Verbraucherzentrale eine Beratungsstelle.<\/p>\n<p>N\u00e4here Infos finden Sie <a href=\"https:\/\/www.verbraucherzentrale-bawue.de\/\" target=\"_blank\" rel=\"noopener\">hier<\/a><\/p>\n","protected":false},"excerpt":{"rendered":"<p>Der Verband setzt sich f\u00fcr eine gerechte und nachhaltige Gesellschafts- und Wirtschaftsordnung ein, in der die Bed\u00fcrfnisse der Verbraucher im [&hellip;]<\/p>\n","protected":false},"author":8,"featured_media":0,"parent":2277,"menu_order":3,"comment_status":"closed","ping_status":"closed","template":"","meta":[],"_links":{"self":[{"href":"https:\/\/lsr-bw.de\/seniorenraete\/reutlingen\/wp-json\/wp\/v2\/pages\/2301"}],"collection":[{"href":"https:\/\/lsr-bw.de\/seniorenraete\/reutlingen\/wp-json\/wp\/v2\/pages"}],"about":[{"href":"https:\/\/lsr-bw.de\/seniorenraete\/reutlingen\/wp-json\/wp\/v2\/types\/page"}],"author":[{"embeddable":true,"href":"https:\/\/lsr-bw.de\/seniorenraete\/reutlingen\/wp-json\/wp\/v2\/users\/8"}],"replies":[{"embeddable":true,"href":"https:\/\/lsr-bw.de\/seniorenraete\/reutlingen\/wp-json\/wp\/v2\/comments?post=2301"}],"version-history":[{"count":2,"href":"https:\/\/lsr-bw.de\/seniorenraete\/reutlingen\/wp-json\/wp\/v2\/pages\/2301\/revisions"}],"predecessor-version":[{"id":2553,"href":"https:\/\/lsr-bw.de\/seniorenraete\/reutlingen\/wp-json\/wp\/v2\/pages\/2301\/revisions\/2553"}],"up":[{"embeddable":true,"href":"https:\/\/lsr-bw.de\/seniorenraete\/reutlingen\/wp-json\/wp\/v2\/pages\/2277"}],"wp:attachment":[{"href":"https:\/\/lsr-bw.de\/seniorenraete\/reutlingen\/wp-json\/wp\/v2\/media?parent=2301"}],"curies":[{"name":"wp","href":"https:\/\/api.w.org\/{rel}","templated":true}]}}