{"id":2281,"date":"2021-03-09T13:28:15","date_gmt":"2021-03-09T12:28:15","guid":{"rendered":"https:\/\/lsr-bw.de\/seniorenraete\/reutlingen\/informationen\/sicherheit\/"},"modified":"2021-08-01T12:17:13","modified_gmt":"2021-08-01T11:17:13","slug":"sicherheit","status":"publish","type":"page","link":"https:\/\/lsr-bw.de\/seniorenraete\/reutlingen\/informationen\/sicherheit\/","title":{"rendered":"Sicherheit"},"content":{"rendered":"<h2>Hochkonjunktur f\u00fcr Langfinger<\/h2>\n<p>Mit Beginn der dunklen Jahreszeit sind verst\u00e4rkt Einbrecher unterwegs. Mehr als 50 Prozent der j\u00e4hrlichen Delikte werden von November bis M\u00e4rz verzeichnet. Kostenlose Beratung, wie sich Bewohner sch\u00fctzen k\u00f6nnen, gibt es im Internet unter <a href=\"https:\/\/www.k-einbruch.de\/\" target=\"_blank\" rel=\"noopener\">k-einbruch.de<\/a> oder per Telefon unter 07121\/94 12 02.<\/p>\n","protected":false},"excerpt":{"rendered":"<p>Hochkonjunktur f\u00fcr Langfinger Mit Beginn der dunklen Jahreszeit sind verst\u00e4rkt Einbrecher unterwegs. Mehr als 50 Prozent der j\u00e4hrlichen Delikte werden [&hellip;]<\/p>\n","protected":false},"author":8,"featured_media":0,"parent":192,"menu_order":5,"comment_status":"closed","ping_status":"closed","template":"","meta":[],"_links":{"self":[{"href":"https:\/\/lsr-bw.de\/seniorenraete\/reutlingen\/wp-json\/wp\/v2\/pages\/2281"}],"collection":[{"href":"https:\/\/lsr-bw.de\/seniorenraete\/reutlingen\/wp-json\/wp\/v2\/pages"}],"about":[{"href":"https:\/\/lsr-bw.de\/seniorenraete\/reutlingen\/wp-json\/wp\/v2\/types\/page"}],"author":[{"embeddable":true,"href":"https:\/\/lsr-bw.de\/seniorenraete\/reutlingen\/wp-json\/wp\/v2\/users\/8"}],"replies":[{"embeddable":true,"href":"https:\/\/lsr-bw.de\/seniorenraete\/reutlingen\/wp-json\/wp\/v2\/comments?post=2281"}],"version-history":[{"count":3,"href":"https:\/\/lsr-bw.de\/seniorenraete\/reutlingen\/wp-json\/wp\/v2\/pages\/2281\/revisions"}],"predecessor-version":[{"id":2568,"href":"https:\/\/lsr-bw.de\/seniorenraete\/reutlingen\/wp-json\/wp\/v2\/pages\/2281\/revisions\/2568"}],"up":[{"embeddable":true,"href":"https:\/\/lsr-bw.de\/seniorenraete\/reutlingen\/wp-json\/wp\/v2\/pages\/192"}],"wp:attachment":[{"href":"https:\/\/lsr-bw.de\/seniorenraete\/reutlingen\/wp-json\/wp\/v2\/media?parent=2281"}],"curies":[{"name":"wp","href":"https:\/\/api.w.org\/{rel}","templated":true}]}}