{"id":2077,"date":"2021-02-03T08:01:43","date_gmt":"2021-02-03T08:01:43","guid":{"rendered":"https:\/\/lsr-bw.de\/seniorenraete\/reutlingen\/?page_id=2077"},"modified":"2021-08-01T12:29:05","modified_gmt":"2021-08-01T11:29:05","slug":"impressum","status":"publish","type":"page","link":"https:\/\/lsr-bw.de\/seniorenraete\/reutlingen\/impressum\/","title":{"rendered":"Impressum"},"content":{"rendered":"<h2><strong>Postanschrift des Kreisseniorenrats Reutlingen<\/strong><\/h2>\n<p>Kreisseniorenrat Reutlingen e.V.<br \/>\n<strong>Vorsitzender:\u00a0<\/strong>Hermann Schmauder<br \/>\nHaus Unter den Linden<br \/>\nRommelsbacher Stra\u00dfe 1<br \/>\n72760 Reutlingen<\/p>\n<p><strong>Telefon:<\/strong> 0 71 21 \/ 34 61 71<br \/>\n<strong>E-Mail:<\/strong> ksr-reutlingen1@gmx.de<br \/>\n<strong>Internet:<\/strong> www.ksr-rt.de<\/p>\n<p><strong>Registergericht:<\/strong> Amtsgericht Reutlingen<br \/>\n<strong>Registernummer:<\/strong> Nr. 1366 im Vereinsregister des Amtsgerichts Reutlingen<\/p>\n<h2>Inhaltlich verantwortlich gem\u00e4\u00df \u00a7 6 Mediendienste-Staatsvertrag (MDStV):<\/h2>\n<p>Elisabeth Bauer, Roland Schwarz<\/p>\n<p>Der Kreisseniorenrat Reutlingen e.V. \u00fcbernimmt keine Haftung oder Garantie f\u00fcr die Aktualit\u00e4t, Richtigkeit und Vollst\u00e4ndigkeit der zur Verf\u00fcgung gestellten Informationen. Die Vervielf\u00e4ltigung und Verbreitung von Informationen oder Daten, insbesondere die Verwendung von Texten, Textteilen oder Bildmaterial, bedarf der Einwilligung des Kreisseniorenrates Reutlingen e.V.<\/p>\n<p><a href=\"https:\/\/lsr-bw.de\/seniorenraete\/reutlingen\/wp-admin\" target=\"_blank\" rel=\"noopener\">Login f\u00fcr Redaktion<\/a><\/p>\n","protected":false},"excerpt":{"rendered":"<p>Postanschrift des Kreisseniorenrats Reutlingen Kreisseniorenrat Reutlingen e.V. Vorsitzender:\u00a0Hermann Schmauder Haus Unter den Linden Rommelsbacher Stra\u00dfe 1 72760 Reutlingen Telefon: 0 [&hellip;]<\/p>\n","protected":false},"author":8,"featured_media":0,"parent":0,"menu_order":5,"comment_status":"closed","ping_status":"closed","template":"","meta":[],"_links":{"self":[{"href":"https:\/\/lsr-bw.de\/seniorenraete\/reutlingen\/wp-json\/wp\/v2\/pages\/2077"}],"collection":[{"href":"https:\/\/lsr-bw.de\/seniorenraete\/reutlingen\/wp-json\/wp\/v2\/pages"}],"about":[{"href":"https:\/\/lsr-bw.de\/seniorenraete\/reutlingen\/wp-json\/wp\/v2\/types\/page"}],"author":[{"embeddable":true,"href":"https:\/\/lsr-bw.de\/seniorenraete\/reutlingen\/wp-json\/wp\/v2\/users\/8"}],"replies":[{"embeddable":true,"href":"https:\/\/lsr-bw.de\/seniorenraete\/reutlingen\/wp-json\/wp\/v2\/comments?post=2077"}],"version-history":[{"count":8,"href":"https:\/\/lsr-bw.de\/seniorenraete\/reutlingen\/wp-json\/wp\/v2\/pages\/2077\/revisions"}],"predecessor-version":[{"id":2572,"href":"https:\/\/lsr-bw.de\/seniorenraete\/reutlingen\/wp-json\/wp\/v2\/pages\/2077\/revisions\/2572"}],"wp:attachment":[{"href":"https:\/\/lsr-bw.de\/seniorenraete\/reutlingen\/wp-json\/wp\/v2\/media?parent=2077"}],"curies":[{"name":"wp","href":"https:\/\/api.w.org\/{rel}","templated":true}]}}