{"id":2088,"date":"2021-02-17T09:56:27","date_gmt":"2021-02-17T09:56:27","guid":{"rendered":"https:\/\/lsr-bw.de\/seniorenraete\/ortenaukreis\/?page_id=2088"},"modified":"2026-03-22T09:51:46","modified_gmt":"2026-03-22T09:51:46","slug":"zeitschriften","status":"publish","type":"page","link":"https:\/\/lsr-bw.de\/seniorenraete\/ortenaukreis\/informationen\/zeitschriften\/","title":{"rendered":"Zeitschriften"},"content":{"rendered":"<h2>Zeitschriften speziell f\u00fcr Senioren<\/h2>\n<h3>Senioren Ortenau aktuell<\/h3>\n<p><strong>Auflage:<\/strong> 3 x\u00a0 Jahr<br \/>\n<strong>Region:<\/strong> Ortenau<br \/>\n<strong>Auflage:<\/strong> 6.800 St\u00fcck<\/p>\n<p>Das 3 x erscheinende Heft &#8222;Senioren Ortenau aktuell&#8220; (April\/August\/Dezember) entsteht in Zusammenarbeit mit dem Kreisseniorenrat und den jeweils vorgestellten Kommunen aus unserem Landkreis. Die Verteilung findet im ganzen Ortenaukreis an alle Altenwerke und Seniorenorganisationen statt und beinhaltet Mitteilungen des Kreisseniorenrates, Gesetzes\u00e4nderungen, Berichte einzelner Seniorengruppen und sonstige Geschichten und Artikel &#8222;Rund um&#8217;s \u00e4lter werden und \u00e4lter sein.&#8220;<\/p>\n<p>Online k\u00f6nnen Sie die PDF der aktuellen Zeitschrift <a href=\"https:\/\/lsr-bw.de\/seniorenraete\/ortenaukreis\/magazine\/\">hier<\/a> herunterladen:<\/p>\n<h3><a href=\"https:\/\/lsr-bw.de\/seniorenraete\/ortenaukreis\/wp-content\/uploads\/2026\/03\/SeniorenMagazin_1-2026.pdf\">SeniorenMagazin_1-2026<\/a><\/h3>\n<p>die Informationen des <a href=\"https:\/\/lsr-bw.de\/magazine\/\" target=\"_blank\" rel=\"noopener\">Landesseniorenrates Baden-W\u00fcrttemberg<\/a>. Seit Juni 2013 erscheinen die Informationen des Landesseniorenrates, der &#8222;im blick&#8220;, ausschlie\u00dflich in digitaler Form und zun\u00e4chst zweimonatlich. Der Landesseniorenrat m\u00f6chte Sie \u00fcber die Aktivit\u00e4ten, die Themen und die Positionen des Landesseniorenrates regelm\u00e4\u00dfig informieren.<\/p>\n","protected":false},"excerpt":{"rendered":"<p>Zeitschriften speziell f\u00fcr Senioren Senioren Ortenau aktuell Auflage: 3 x\u00a0 Jahr Region: Ortenau Auflage: 6.800 St\u00fcck Das 3 x erscheinende [&hellip;]<\/p>\n","protected":false},"author":7,"featured_media":0,"parent":192,"menu_order":3,"comment_status":"closed","ping_status":"closed","template":"","meta":{"footnotes":""},"class_list":["post-2088","page","type-page","status-publish","hentry"],"_links":{"self":[{"href":"https:\/\/lsr-bw.de\/seniorenraete\/ortenaukreis\/wp-json\/wp\/v2\/pages\/2088","targetHints":{"allow":["GET"]}}],"collection":[{"href":"https:\/\/lsr-bw.de\/seniorenraete\/ortenaukreis\/wp-json\/wp\/v2\/pages"}],"about":[{"href":"https:\/\/lsr-bw.de\/seniorenraete\/ortenaukreis\/wp-json\/wp\/v2\/types\/page"}],"author":[{"embeddable":true,"href":"https:\/\/lsr-bw.de\/seniorenraete\/ortenaukreis\/wp-json\/wp\/v2\/users\/7"}],"replies":[{"embeddable":true,"href":"https:\/\/lsr-bw.de\/seniorenraete\/ortenaukreis\/wp-json\/wp\/v2\/comments?post=2088"}],"version-history":[{"count":15,"href":"https:\/\/lsr-bw.de\/seniorenraete\/ortenaukreis\/wp-json\/wp\/v2\/pages\/2088\/revisions"}],"predecessor-version":[{"id":3788,"href":"https:\/\/lsr-bw.de\/seniorenraete\/ortenaukreis\/wp-json\/wp\/v2\/pages\/2088\/revisions\/3788"}],"up":[{"embeddable":true,"href":"https:\/\/lsr-bw.de\/seniorenraete\/ortenaukreis\/wp-json\/wp\/v2\/pages\/192"}],"wp:attachment":[{"href":"https:\/\/lsr-bw.de\/seniorenraete\/ortenaukreis\/wp-json\/wp\/v2\/media?parent=2088"}],"curies":[{"name":"wp","href":"https:\/\/api.w.org\/{rel}","templated":true}]}}