{"id":2057,"date":"2021-02-03T11:27:04","date_gmt":"2021-02-03T11:27:04","guid":{"rendered":"https:\/\/lsr-bw.de\/seniorenraete\/ortenaukreis\/?page_id=2057"},"modified":"2024-02-01T16:01:57","modified_gmt":"2024-02-01T16:01:57","slug":"beratungsstellen","status":"publish","type":"page","link":"https:\/\/lsr-bw.de\/seniorenraete\/ortenaukreis\/informationen\/beratungsstellen\/","title":{"rendered":"Beratungsstellen"},"content":{"rendered":"<p><img loading=\"lazy\" decoding=\"async\" class=\"alignnone size-full wp-image-2316\" src=\"https:\/\/lsr-bw.de\/seniorenraete\/ortenaukreis\/wp-content\/uploads\/2021\/04\/logo-pflegestuetzpunkt.gif\" alt=\"\" width=\"208\" height=\"105\" \/><\/p>\n<h2><span data-sheets-value=\"[null,2,&quot;Pflegest\\u00fctzpunkt Ortenaukreis\\u000aDer Pflegest\\u00fctzpunkt Ortenaukreis ist eine Beratungsstelle f\\u00fcr pflegebed\\u00fcrftige Menschen sowie Personen, die pflegebed\\u00fcrftige Menschen unterst\\u00fctzen. Die Beratung wird an f\\u00fcnf Standorten im Ortenaukreis angeboten. \\u000aWeitere Informationen finden sie auf der Webseite: Pflegest\\u00fctzpunkt Ortenaukreis&quot;]\" data-sheets-userformat=\"{&quot;2&quot;:14721,&quot;3&quot;:{&quot;1&quot;:0,&quot;3&quot;:1},&quot;10&quot;:1,&quot;11&quot;:4,&quot;14&quot;:{&quot;1&quot;:3,&quot;3&quot;:1},&quot;15&quot;:&quot;Arial&quot;,&quot;16&quot;:11}\"><strong>Pflegest\u00fctzpunkt Ortenaukreis<\/strong><\/span><\/h2>\n<p><span data-sheets-value=\"[null,2,&quot;Pflegest\\u00fctzpunkt Ortenaukreis\\u000aDer Pflegest\\u00fctzpunkt Ortenaukreis ist eine Beratungsstelle f\\u00fcr pflegebed\\u00fcrftige Menschen sowie Personen, die pflegebed\\u00fcrftige Menschen unterst\\u00fctzen. Die Beratung wird an f\\u00fcnf Standorten im Ortenaukreis angeboten. \\u000aWeitere Informationen finden sie auf der Webseite: Pflegest\\u00fctzpunkt Ortenaukreis&quot;]\" data-sheets-userformat=\"{&quot;2&quot;:14721,&quot;3&quot;:{&quot;1&quot;:0,&quot;3&quot;:1},&quot;10&quot;:1,&quot;11&quot;:4,&quot;14&quot;:{&quot;1&quot;:3,&quot;3&quot;:1},&quot;15&quot;:&quot;Arial&quot;,&quot;16&quot;:11}\">Der Pflegest\u00fctzpunkt Ortenaukreis ist eine Beratungsstelle f\u00fcr pflegebed\u00fcrftige Menschen sowie Personen, die pflegebed\u00fcrftige Menschen unterst\u00fctzen. Die Beratung wird an f\u00fcnf Standorten im Ortenaukreis angeboten.<\/span><\/p>\n<p><strong>Zentrale Offenburg<\/strong><br \/>\n<strong>Stadt Offenburg<\/strong><br \/>\nAm Marktplatz 5<br \/>\n77652 Offenburg<br \/>\nTelefon: 0781 82-2593<\/p>\n<p><a href=\"http:\/\/www.pflegestuetzpunkt-ortenaukreis.de\">www.pflegestuetzpunkt-ortenaukreis.de<\/a><\/p>\n<p>&nbsp;<\/p>\n<p>&nbsp;<\/p>\n<p><strong>Au\u00dfenstelle Achern-Renchtal<\/strong><br \/>\n<strong>Stadt Achern<\/strong><br \/>\nIllenauer Allee 73<br \/>\n77855 Achern<br \/>\nTelefon: 07841 642-1267<\/p>\n<p><strong>Stadt Oberkirch<\/strong><br \/>\nEisenbahnstra\u00dfe 1<br \/>\n77704 Oberkirch<br \/>\nTelefon: 07802 82-530<\/p>\n<p><strong>Au\u00dfenstelle Kehl<\/strong><br \/>\n<strong>Stadt Kehl<\/strong><br \/>\nRichard-Wagner-Stra\u00dfe 3<br \/>\n77694 Kehl<br \/>\nTelefon: 07851 88- 2410\/2411<\/p>\n<p><strong>Au\u00dfenstelle Kinzigtal<\/strong><br \/>\nMehrgenerationenhaus Haslach<br \/>\nSandhaasstra\u00dfe 4<br \/>\n77716 Haslach<br \/>\nTelefon: 07832 99955-220<\/p>\n<p><strong>Au\u00dfenstelle Lahr<\/strong><br \/>\n<strong>Stadt Lahr<\/strong><br \/>\nAmt f\u00fcr Soziales, Schulen und Sport<br \/>\nRathausplatz 7<br \/>\n77933 Lahr<br \/>\nTelefon: 07821 910-5017<\/p>\n","protected":false},"excerpt":{"rendered":"<p>Pflegest\u00fctzpunkt Ortenaukreis Der Pflegest\u00fctzpunkt Ortenaukreis ist eine Beratungsstelle f\u00fcr pflegebed\u00fcrftige Menschen sowie Personen, die pflegebed\u00fcrftige Menschen unterst\u00fctzen. Die Beratung wird [&hellip;]<\/p>\n","protected":false},"author":7,"featured_media":0,"parent":192,"menu_order":1,"comment_status":"closed","ping_status":"closed","template":"","meta":{"footnotes":""},"class_list":["post-2057","page","type-page","status-publish","hentry"],"_links":{"self":[{"href":"https:\/\/lsr-bw.de\/seniorenraete\/ortenaukreis\/wp-json\/wp\/v2\/pages\/2057","targetHints":{"allow":["GET"]}}],"collection":[{"href":"https:\/\/lsr-bw.de\/seniorenraete\/ortenaukreis\/wp-json\/wp\/v2\/pages"}],"about":[{"href":"https:\/\/lsr-bw.de\/seniorenraete\/ortenaukreis\/wp-json\/wp\/v2\/types\/page"}],"author":[{"embeddable":true,"href":"https:\/\/lsr-bw.de\/seniorenraete\/ortenaukreis\/wp-json\/wp\/v2\/users\/7"}],"replies":[{"embeddable":true,"href":"https:\/\/lsr-bw.de\/seniorenraete\/ortenaukreis\/wp-json\/wp\/v2\/comments?post=2057"}],"version-history":[{"count":9,"href":"https:\/\/lsr-bw.de\/seniorenraete\/ortenaukreis\/wp-json\/wp\/v2\/pages\/2057\/revisions"}],"predecessor-version":[{"id":3376,"href":"https:\/\/lsr-bw.de\/seniorenraete\/ortenaukreis\/wp-json\/wp\/v2\/pages\/2057\/revisions\/3376"}],"up":[{"embeddable":true,"href":"https:\/\/lsr-bw.de\/seniorenraete\/ortenaukreis\/wp-json\/wp\/v2\/pages\/192"}],"wp:attachment":[{"href":"https:\/\/lsr-bw.de\/seniorenraete\/ortenaukreis\/wp-json\/wp\/v2\/media?parent=2057"}],"curies":[{"name":"wp","href":"https:\/\/api.w.org\/{rel}","templated":true}]}}