{"id":2067,"date":"2021-02-03T07:45:45","date_gmt":"2021-02-03T07:45:45","guid":{"rendered":"https:\/\/lsr-bw.de\/seniorenraete\/hohenlohekreis\/?page_id=2067"},"modified":"2021-09-30T10:44:37","modified_gmt":"2021-09-30T09:44:37","slug":"seniorenclubs-seniorentreffs","status":"publish","type":"page","link":"https:\/\/lsr-bw.de\/seniorenraete\/hohenlohekreis\/informationen\/seniorenclubs-seniorentreffs\/","title":{"rendered":"Seniorenclubs\/Seniorentreffs"},"content":{"rendered":"<p><span data-sheets-value=\"[null,2,&quot;In den meisten Gemeinden des Hohenlohekreises bestehen zum Teil schon seit vielen Jahren Clubs, Organisationen oder Arbeitskreise, die in vielf\\u00e4ltiger Weise Angebote f\\u00fcr \\u00e4ltere Mitb\\u00fcrgerinnen und Mitb\\u00fcrger bereithalten. \\u000aDie in der Liste aufgef\\u00fchrten Mitglieder haben der Ver\\u00f6ffentlichung ihrer Daten zugestimmt. \\u000a=\\u003e Hier kommen Sie zur Liste der Organisationen &quot;]\" data-sheets-userformat=\"[null,null,14653,{&quot;1&quot;:0,&quot;3&quot;:1},null,{&quot;1&quot;:[{&quot;1&quot;:2,&quot;2&quot;:0,&quot;5&quot;:[null,2,0]},[null,0,0,3],[null,1,0,null,1]]},{&quot;1&quot;:[{&quot;1&quot;:2,&quot;2&quot;:0,&quot;5&quot;:[null,2,0]},[null,0,0,3],[null,1,0,null,1]]},{&quot;1&quot;:[{&quot;1&quot;:2,&quot;2&quot;:0,&quot;5&quot;:[null,2,0]},[null,0,0,3],[null,1,0,null,1]]},{&quot;1&quot;:[{&quot;1&quot;:2,&quot;2&quot;:0,&quot;5&quot;:[null,2,0]},[null,0,0,3],[null,1,0,null,1]]},null,null,4,null,null,{&quot;1&quot;:3,&quot;3&quot;:1},&quot;Arial&quot;,11]\">In den meisten Gemeinden des Hohenlohekreises bestehen zum Teil schon seit vielen Jahren Clubs, Organisationen oder Arbeitskreise, die in vielf\u00e4ltiger Weise Angebote f\u00fcr \u00e4ltere Mitb\u00fcrgerinnen und Mitb\u00fcrger bereithalten.<br \/>\nDie in der Liste aufgef\u00fchrten Mitglieder haben der Ver\u00f6ffentlichung ihrer Daten zugestimmt.<\/span><\/p>\n<p><strong><a href=\"https:\/\/lsr-bw.de\/seniorenraete\/hohenlohekreis\/wp-content\/uploads\/2021\/09\/21-09-22_SenTreffs_Homepage.pdf\">Hier kommen Sie zur Liste der Organisationen<\/a> <\/strong><\/p>\n","protected":false},"excerpt":{"rendered":"<p>In den meisten Gemeinden des Hohenlohekreises bestehen zum Teil schon seit vielen Jahren Clubs, Organisationen oder Arbeitskreise, die in vielf\u00e4ltiger [&hellip;]<\/p>\n","protected":false},"author":3,"featured_media":0,"parent":192,"menu_order":7,"comment_status":"closed","ping_status":"closed","template":"","meta":[],"_links":{"self":[{"href":"https:\/\/lsr-bw.de\/seniorenraete\/hohenlohekreis\/wp-json\/wp\/v2\/pages\/2067"}],"collection":[{"href":"https:\/\/lsr-bw.de\/seniorenraete\/hohenlohekreis\/wp-json\/wp\/v2\/pages"}],"about":[{"href":"https:\/\/lsr-bw.de\/seniorenraete\/hohenlohekreis\/wp-json\/wp\/v2\/types\/page"}],"author":[{"embeddable":true,"href":"https:\/\/lsr-bw.de\/seniorenraete\/hohenlohekreis\/wp-json\/wp\/v2\/users\/3"}],"replies":[{"embeddable":true,"href":"https:\/\/lsr-bw.de\/seniorenraete\/hohenlohekreis\/wp-json\/wp\/v2\/comments?post=2067"}],"version-history":[{"count":7,"href":"https:\/\/lsr-bw.de\/seniorenraete\/hohenlohekreis\/wp-json\/wp\/v2\/pages\/2067\/revisions"}],"predecessor-version":[{"id":2532,"href":"https:\/\/lsr-bw.de\/seniorenraete\/hohenlohekreis\/wp-json\/wp\/v2\/pages\/2067\/revisions\/2532"}],"up":[{"embeddable":true,"href":"https:\/\/lsr-bw.de\/seniorenraete\/hohenlohekreis\/wp-json\/wp\/v2\/pages\/192"}],"wp:attachment":[{"href":"https:\/\/lsr-bw.de\/seniorenraete\/hohenlohekreis\/wp-json\/wp\/v2\/media?parent=2067"}],"curies":[{"name":"wp","href":"https:\/\/api.w.org\/{rel}","templated":true}]}}