{"id":2045,"date":"2021-02-02T14:29:00","date_gmt":"2021-02-02T14:29:00","guid":{"rendered":"https:\/\/lsr-bw.de\/seniorenraete\/hohenlohekreis\/?page_id=2045"},"modified":"2021-08-24T18:33:18","modified_gmt":"2021-08-24T17:33:18","slug":"tipps-fuer-seniorengruppen","status":"publish","type":"page","link":"https:\/\/lsr-bw.de\/seniorenraete\/hohenlohekreis\/informationen\/tipps-fuer-seniorengruppen\/","title":{"rendered":"Kulturelle Angebote im Hohenlohekreis"},"content":{"rendered":"<p><span data-sheets-value=\"[null,2,&quot;Zahlreiche Organisationen im Hohenlohekreis bieten eine breite Palette von kulturellen Highlights und Fortbildungsveranstaltungen, die immer auch f\\u00fcr unsere \\u00e4lteren Mitb\\u00fcrgerinnen und Mitb\\u00fcrger interessant sind. Es w\\u00e4re vermessen, auf unserer Seite einen \\u00dcberblick \\u00fcber all diese Angebote geben zu wollen. Deshalb beschr\\u00e4nken wir uns auf die Angebote des Landesseniorenrats und auf einige wenige Veranstalter und Veranstaltungen aus unserer Region wohlwissend, dass der Hohenlohekreis noch viel zu bieten hat.\\u000a\\u000aHohenloher Kultursommer\\u000aH\\u00f6rgenuss in beeindruckender Landschaft und historischen R\\u00e4umen\\u000aDer Hohenloher Kultursommer bietet eine faszinierende F\\u00fclle von musikalischen Veranstaltungen in historischen R\\u00e4umen unserer Region. Das gesamte musikalische Angebot finden Sie auf der Homepage des Kultursommers.\\u000a\\u000aVolkshochschule K\\u00fcnzelsau\\u000aEine F\\u00fclle von interessanten Fortbildungsm\\u00f6glichkeiten bietet die Volkshochschule K\\u00fcnzelsau. \\u000aDas gesamte Programm finden Sie auf der Homepage der VHS. \\u000aSpezielle Angebote f\\u00fcr jungebliebene \\u00c4ltere finden Sie hier\\u000a\\u000aEvangelisches Bildungswerk Hohenlohe\\u000aDas Evangelische Bildungswerk Hohenlohe (EBH) versteht sich als Knotenpunkt f\\u00fcr die Erwachsenen-bildung in den Kirchenbezirken K\\u00fcnzelsau, \\u00d6hringen und Weikersheim. \\u000aZugleich ist das EBH als gemeinsames Bildungswerk Schnittstelle gegen\\u00fcber anderen Tr\\u00e4gern der Erwachsenenbildung und den staatlichen Beh\\u00f6rden.\\u000a\\u000aKatholische Erwachsenenbildung\\u000aSeitdem das Bildungshaus Kloster Sch\\u00f6ntal 1979 eigeweiht wurde, organisiert das Katholische Bildungswerk Hohenlohekreis e.V. Bildungsveranstaltungen f\\u00fcr Menschen in der Region. Gemeinsam mit den Franziskanerinnen, die 1985 in die Landpastoral Sch\\u00f6ntal kamen, l\\u00e4dt das Bildungshaus ein zu Seminaren, Tagungen und Kursangeboten. Das aktuelle Kursangebot finden Sie hier. &quot;]\" data-sheets-userformat=\"[null,null,14781,{&quot;1&quot;:0,&quot;3&quot;:1},null,{&quot;1&quot;:[{&quot;1&quot;:2,&quot;2&quot;:0,&quot;5&quot;:[null,2,0]},[null,0,0,3],[null,1,0,null,1]]},{&quot;1&quot;:[{&quot;1&quot;:2,&quot;2&quot;:0,&quot;5&quot;:[null,2,0]},[null,0,0,3],[null,1,0,null,1]]},{&quot;1&quot;:[{&quot;1&quot;:2,&quot;2&quot;:0,&quot;5&quot;:[null,2,0]},[null,0,0,3],[null,1,0,null,1]]},{&quot;1&quot;:[{&quot;1&quot;:2,&quot;2&quot;:0,&quot;5&quot;:[null,2,0]},[null,0,0,3],[null,1,0,null,1]]},null,1,4,null,null,{&quot;1&quot;:3,&quot;3&quot;:1},&quot;Arial&quot;,11]\" data-sheets-textstyleruns=\"{&quot;1&quot;:0}\uee10[null,511,[null,null,{&quot;1&quot;:3,&quot;3&quot;:1},&quot;Arial&quot;,11,1]]\uee10[null,534,[null,null,{&quot;1&quot;:3,&quot;3&quot;:1},&quot;Arial&quot;,11]]\uee10[null,813,[null,null,{&quot;1&quot;:3,&quot;3&quot;:1},&quot;Arial&quot;,11,1]]\uee10[null,838,[null,null,{&quot;1&quot;:3,&quot;3&quot;:1},&quot;Arial&quot;,11]]\uee10[null,1055,[null,null,{&quot;1&quot;:3,&quot;3&quot;:1},&quot;Arial&quot;,11,1]]\uee10[null,1091,[null,null,{&quot;1&quot;:3,&quot;3&quot;:1},&quot;Arial&quot;,11]]\uee10[null,1402,[null,null,{&quot;1&quot;:3,&quot;3&quot;:1},&quot;Arial&quot;,11,1]]\uee10[null,1432,[null,null,{&quot;1&quot;:3,&quot;3&quot;:1},&quot;Arial&quot;,11]]\">Zahlreiche Organisationen im Hohenlohekreis bieten eine breite Palette von kulturellen Highlights und Fortbildungsveranstaltungen, die immer auch f\u00fcr unsere \u00e4lteren Mitb\u00fcrgerinnen und Mitb\u00fcrger interessant sind. Es w\u00e4re vermessen, auf unserer Seite einen \u00dcberblick \u00fcber all diese Angebote geben zu wollen. Deshalb beschr\u00e4nken wir uns auf auf einige wenige Veranstalter und Veranstaltungen aus unserer Region &#8211; wohlwissend, dass der Hohenlohekreis noch viel zu mehr bieten hat.<\/span><\/p>\n<h2><strong>Hohenloher Kultursommer<\/strong><\/h2>\n<p>H\u00f6rgenuss in beeindruckender Landschaft und historischen R\u00e4umen<br \/>\nDer Hohenloher Kultursommer bietet eine faszinierende F\u00fclle von musikalischen Veranstaltungen in historischen R\u00e4umen unserer Region. Das gesamte musikalische Angebot finden Sie auf der Homepage des Kultursommers.<\/p>\n<p><a href=\"https:\/\/www.hohenloher-kultursommer.de\/de\/startseite\" target=\"_blank\" rel=\"noopener\">Website des Hohenloher Kultursommer<\/a><\/p>\n<h2><strong>Volkshochschule K\u00fcnzelsau<\/strong><\/h2>\n<p>Eine F\u00fclle von interessanten Fortbildungsm\u00f6glichkeiten bietet die Volkshochschule K\u00fcnzelsau.<br \/>\nDas gesamte Programm finden Sie auf der Homepage der VHS.<br \/>\nSpezielle Angebote f\u00fcr jungebliebene \u00c4ltere finden Sie <a href=\"https:\/\/www.vhs-kuen.de\/\" target=\"_blank\" rel=\"noopener\">hier<\/a><\/p>\n<h2><strong>Evangelisches Bildungswerk Hohenlohe<\/strong><\/h2>\n<p>Das Evangelische Bildungswerk Hohenlohe (EBH) versteht sich als Knotenpunkt f\u00fcr die Erwachsenen-bildung in den Kirchenbezirken K\u00fcnzelsau, \u00d6hringen und Weikersheim.<br \/>\nZugleich ist das EBH als gemeinsames Bildungswerk Schnittstelle gegen\u00fcber anderen Tr\u00e4gern der Erwachsenenbildung und den staatlichen Beh\u00f6rden.<\/p>\n<p><a href=\"http:\/\/www.ebh-hohenlohe.de\" target=\"_blank\" rel=\"noopener\">Website des Evangelischen Bildungswerk Hohenlohe<\/a><\/p>\n<h2><strong>Katholische Erwachsenenbildung<\/strong><\/h2>\n<p>Seitdem das Bildungshaus Kloster Sch\u00f6ntal 1979 eigeweiht wurde, organisiert das Katholische Bildungswerk Hohenlohekreis e.V. Bildungsveranstaltungen f\u00fcr Menschen in der Region. Gemeinsam mit den Franziskanerinnen, die 1985 in die Landpastoral Sch\u00f6ntal kamen, l\u00e4dt das Bildungshaus ein zu Seminaren, Tagungen und Kursangeboten.<\/p>\n<p>Das aktuelle Kursangebot finden Sie <a href=\"https:\/\/www.keb-hohenlohe.de\/veranstaltungen\/\" target=\"_blank\" rel=\"noopener\">hier.<\/a><\/p>\n","protected":false},"excerpt":{"rendered":"<p>Zahlreiche Organisationen im Hohenlohekreis bieten eine breite Palette von kulturellen Highlights und Fortbildungsveranstaltungen, die immer auch f\u00fcr unsere \u00e4lteren Mitb\u00fcrgerinnen [&hellip;]<\/p>\n","protected":false},"author":3,"featured_media":0,"parent":192,"menu_order":2,"comment_status":"closed","ping_status":"closed","template":"","meta":[],"_links":{"self":[{"href":"https:\/\/lsr-bw.de\/seniorenraete\/hohenlohekreis\/wp-json\/wp\/v2\/pages\/2045"}],"collection":[{"href":"https:\/\/lsr-bw.de\/seniorenraete\/hohenlohekreis\/wp-json\/wp\/v2\/pages"}],"about":[{"href":"https:\/\/lsr-bw.de\/seniorenraete\/hohenlohekreis\/wp-json\/wp\/v2\/types\/page"}],"author":[{"embeddable":true,"href":"https:\/\/lsr-bw.de\/seniorenraete\/hohenlohekreis\/wp-json\/wp\/v2\/users\/3"}],"replies":[{"embeddable":true,"href":"https:\/\/lsr-bw.de\/seniorenraete\/hohenlohekreis\/wp-json\/wp\/v2\/comments?post=2045"}],"version-history":[{"count":10,"href":"https:\/\/lsr-bw.de\/seniorenraete\/hohenlohekreis\/wp-json\/wp\/v2\/pages\/2045\/revisions"}],"predecessor-version":[{"id":2481,"href":"https:\/\/lsr-bw.de\/seniorenraete\/hohenlohekreis\/wp-json\/wp\/v2\/pages\/2045\/revisions\/2481"}],"up":[{"embeddable":true,"href":"https:\/\/lsr-bw.de\/seniorenraete\/hohenlohekreis\/wp-json\/wp\/v2\/pages\/192"}],"wp:attachment":[{"href":"https:\/\/lsr-bw.de\/seniorenraete\/hohenlohekreis\/wp-json\/wp\/v2\/media?parent=2045"}],"curies":[{"name":"wp","href":"https:\/\/api.w.org\/{rel}","templated":true}]}}