{"id":2043,"date":"2021-02-02T14:26:54","date_gmt":"2021-02-02T14:26:11","guid":{"rendered":"https:\/\/lsr-bw.de\/seniorenraete\/hohenlohekreis\/?page_id=2043"},"modified":"2023-04-24T14:49:08","modified_gmt":"2023-04-24T13:49:08","slug":"selbstbestimmt-vorsorgen","status":"publish","type":"page","link":"https:\/\/lsr-bw.de\/seniorenraete\/hohenlohekreis\/unsere-aufgaben\/projekte-des-seniorenrats\/selbstbestimmt-vorsorgen\/","title":{"rendered":"Selbstbestimmt vorsorgen"},"content":{"rendered":"<h2>Die Vorsorgemappe f\u00fcr den Hohenlohekreis<img loading=\"lazy\" class=\" wp-image-2273 alignright\" src=\"https:\/\/lsr-bw.de\/seniorenraete\/hohenlohekreis\/wp-content\/uploads\/2021\/03\/2021-03-21-vorsorgemappe-217x300.png\" alt=\"\" width=\"335\" height=\"463\" srcset=\"https:\/\/lsr-bw.de\/seniorenraete\/hohenlohekreis\/wp-content\/uploads\/2021\/03\/2021-03-21-vorsorgemappe-217x300.png 217w, https:\/\/lsr-bw.de\/seniorenraete\/hohenlohekreis\/wp-content\/uploads\/2021\/03\/2021-03-21-vorsorgemappe-740x1024.png 740w, https:\/\/lsr-bw.de\/seniorenraete\/hohenlohekreis\/wp-content\/uploads\/2021\/03\/2021-03-21-vorsorgemappe-768x1063.png 768w, https:\/\/lsr-bw.de\/seniorenraete\/hohenlohekreis\/wp-content\/uploads\/2021\/03\/2021-03-21-vorsorgemappe-1109x1536.png 1109w, https:\/\/lsr-bw.de\/seniorenraete\/hohenlohekreis\/wp-content\/uploads\/2021\/03\/2021-03-21-vorsorgemappe-1479x2048.png 1479w, https:\/\/lsr-bw.de\/seniorenraete\/hohenlohekreis\/wp-content\/uploads\/2021\/03\/2021-03-21-vorsorgemappe.png 2008w\" sizes=\"(max-width: 335px) 100vw, 335px\" \/><\/h2>\n<p>Eine Vorsorgemappe mit dem Titel &#8222;Selbstbestimmt vorsorgen&#8220; wurde unter der Federf\u00fchrung des Kreisseniorenrats gemeinsam mit dem Betreuungsverein im Hohenlohekreis e.V., dem Pflegest\u00fctzpunkt, der Betreuungsbeh\u00f6rde, der Altenhilfefachberatung und dem Sozial- und Versorgungsamt des Hohenlohekreises zu Beginn des Jahres 2018 erarbeitet.<\/p>\n<p>In einer gut besuchten Auftaktveranstaltung am 16. M\u00e4rz 2018 wurde die Erstauflage der Vorsorgemappe der \u00d6ffentlichkeit vorgestellt und \u00fcbergeben. Einen Bericht zu dieser Veranstaltung finden Sie -&gt; <a href=\"https:\/\/lsr-bw.de\/seniorenraete\/hohenlohekreis\/wp-content\/uploads\/2021\/08\/18_03_16_Pressebericht_Vorsorge.pdf\">hier<\/a><\/p>\n<p>Erh\u00e4ltlich ist sie beim Betreuungsverein, dem Landratsamt und den Gemeindeverwaltungen.<\/p>\n<p>Durch einen Unfall oder eine schwere Erkrankung kann jeder in eine Situation geraten, in der er nicht mehr in der Lage ist, eigene Entscheidungen f\u00fcr sich zu treffen. Daf\u00fcr Vorsorge zu tragen und Hilfen zu geben, ist Ziel der Vorsorgemappe.<\/p>\n<p>In der Brosch\u00fcre &#8222;<strong>Meine pers\u00f6nlichen Aufzeichnungen<\/strong>&#8220; finden Sie ausf\u00fchrliche Informationen zum Thema mit Seiten f\u00fcr pers\u00f6nliche Festlegungen. Die Mappe enth\u00e4lt auch Formulare zur Patientenverf\u00fcgung, zur Betreuungsverf\u00fcgung und Vorsorgevollmacht. Zudem ist ein Blatt mit wichtigen Adressen im Hohenlohekreis eingelegt.<br \/>\nVermutlich haben Sie Zugangsdaten zu Konten, E-mail, Social Media, Internetseiten u.a. Damit diese Benutzernamen und Passw\u00f6rter nicht verloren gehen, sollten Sie diese irgenwie zusammenfassen. Dann k\u00f6nnen Angeh\u00f6rige sp\u00e4ter in Ihrem Sinne mit diesen Daten umgehen.<\/p>\n<p>Lesen Sie hier mehr dazu:<\/p>\n<h3><img loading=\"lazy\" class=\" wp-image-2282 alignleft\" src=\"https:\/\/lsr-bw.de\/seniorenraete\/hohenlohekreis\/wp-content\/uploads\/2021\/03\/2021-03-22-persoenliche-Aufz-217x300.png\" alt=\"\" width=\"281\" height=\"389\" srcset=\"https:\/\/lsr-bw.de\/seniorenraete\/hohenlohekreis\/wp-content\/uploads\/2021\/03\/2021-03-22-persoenliche-Aufz-217x300.png 217w, https:\/\/lsr-bw.de\/seniorenraete\/hohenlohekreis\/wp-content\/uploads\/2021\/03\/2021-03-22-persoenliche-Aufz-740x1024.png 740w, https:\/\/lsr-bw.de\/seniorenraete\/hohenlohekreis\/wp-content\/uploads\/2021\/03\/2021-03-22-persoenliche-Aufz-768x1063.png 768w, https:\/\/lsr-bw.de\/seniorenraete\/hohenlohekreis\/wp-content\/uploads\/2021\/03\/2021-03-22-persoenliche-Aufz-1109x1536.png 1109w, https:\/\/lsr-bw.de\/seniorenraete\/hohenlohekreis\/wp-content\/uploads\/2021\/03\/2021-03-22-persoenliche-Aufz.png 1446w\" sizes=\"(max-width: 281px) 100vw, 281px\" \/>Meine pers\u00f6nlichen Aufzeichnungen<\/h3>\n<p>In der Brosch\u00fcre\u00a0 &#8222;Meine pers\u00f6nlichen Aufzeichnungen&#8220; finden Sie Informationen, Hilfestellungen und Anregungen zu allen Fragen der Vorsorge im Hinblick darauf, dass unser Leben endlich ist und wir uns in vielf\u00e4ltiger Weise auf die Endlichkeit vorbereiten und Sorge treffen k\u00f6nnen.<\/p>\n<p>Die gesamte Brosch\u00fcre finden Sie <a href=\"https:\/\/lsr-bw.de\/seniorenraete\/hohenlohekreis\/wp-content\/uploads\/2021\/03\/2021-03-25-broschuere_a4_201022_Korr4_low-1.pdf\">hier<\/a>.<\/p>\n<h3>Patientenverf\u00fcgung aus der Vorsorgemappe<\/h3>\n<p>In einer Patientenverf\u00fcgung legen Sie schriftlich f\u00fcr den Fall Ihrer Entscheidungsunf\u00e4higkeit im Voraus fest, ob und wie Sie in bestimmten Situationen \u00e4rztlich behandelt werden m\u00f6chten. Auf diese Weise k\u00f6nnen Sie Ihr Selbstbestimmungsrecht wahren, auch wenn Sie zum Zeitpunkt der Behandlung nicht mehr ansprechbar und nicht mehr einwilligungsf\u00e4hig sind.<br \/>\nHier die\u00a0<a href=\"https:\/\/lsr-bw.de\/seniorenraete\/hohenlohekreis\/wp-content\/uploads\/2021\/03\/2021-03-25-einleger_a4_patientenverfuegung_201020_Korr1.pdf\">Patientenverf\u00fcgung<\/a> der Vorsorgemappe.<\/p>\n<h3>Betreuungsverf\u00fcgung<img loading=\"lazy\" class=\" wp-image-2276 alignright\" src=\"https:\/\/lsr-bw.de\/seniorenraete\/hohenlohekreis\/wp-content\/uploads\/2021\/03\/2021-03-22_Einleger3-199x300.png\" alt=\"\" width=\"325\" height=\"490\" srcset=\"https:\/\/lsr-bw.de\/seniorenraete\/hohenlohekreis\/wp-content\/uploads\/2021\/03\/2021-03-22_Einleger3-199x300.png 199w, https:\/\/lsr-bw.de\/seniorenraete\/hohenlohekreis\/wp-content\/uploads\/2021\/03\/2021-03-22_Einleger3-680x1024.png 680w, https:\/\/lsr-bw.de\/seniorenraete\/hohenlohekreis\/wp-content\/uploads\/2021\/03\/2021-03-22_Einleger3-768x1157.png 768w, https:\/\/lsr-bw.de\/seniorenraete\/hohenlohekreis\/wp-content\/uploads\/2021\/03\/2021-03-22_Einleger3-1020x1536.png 1020w, https:\/\/lsr-bw.de\/seniorenraete\/hohenlohekreis\/wp-content\/uploads\/2021\/03\/2021-03-22_Einleger3-1359x2048.png 1359w\" sizes=\"(max-width: 325px) 100vw, 325px\" \/><\/h3>\n<p>Kennt man niemanden, dem man vertrauensvoll eine Vorsorgevollmacht erteilen kann, besteht die M\u00f6glichkeit, durch eine Betreuungsverf\u00fcgung\u00a0Vorgaben zu machen f\u00fcr den Fall, dass das Betreuungsgericht einen Betreuer einsetzt. Das Formular aus der Vorsorgemappe finden Sie <a href=\"https:\/\/lsr-bw.de\/seniorenraete\/hohenlohekreis\/wp-content\/uploads\/2021\/03\/2021-03-25-einleger_a4_betreuungsverfuegung_201022_Korr2.pdf\">hier<\/a>.<\/p>\n<h3>Vorsorgevollmacht aus der Vorsorgemappe<\/h3>\n<p>Die Befugnis zur rechtlichen Vertretung eines Erwachsenen muss von diesem durch eine schriftliche Vollmacht \u00fcbertragen werden. Auch Ehepartner solten sich schriftlich bevollm\u00e4chtigen.<br \/>\nDurch eine <strong><span style=\"color: #ff0000;\">Gesetzes\u00e4nderung zu 2023<\/span><\/strong> haben wir des Formular den neuen Vorgaben angepasst. Dieses Formular aus der Vorsorgemappe finden Sie <a href=\"https:\/\/lsr-bw.de\/seniorenraete\/hohenlohekreis\/wp-content\/uploads\/2023\/04\/einleger_a4_vorsorgevollmacht_230214_Ansicht-1.pdf\">hier<\/a>. Unbedingt m\u00fcssen Sie auch das <a href=\"https:\/\/lsr-bw.de\/seniorenraete\/hohenlohekreis\/wp-content\/uploads\/2023\/04\/einleger_a4_hinweisblatt_230214_Ansicht-1.pdf\">Beiblatt lesen<\/a>! <strong><span style=\"color: #ff0000;\">Bitte nur noch dieses neue Formular verwenden!<\/span><\/strong><\/p>\n<h3>Formular f\u00fcr Passw\u00f6rter im Internet und in digitalen Medien<\/h3>\n<p>Bei vielen Aktionen im Internet und in digitalen Medien ben\u00f6tigt man Benutzernamen und Passw\u00f6rter.<br \/>\nDa ohne diese niemand Zugriff auf diese Seiten hat und auch dort nichts l\u00f6schen oder ver\u00e4ndern kann, ist es gut, wenn diese Informationen f\u00fcr Vertraute hinterlegt sind. Dieses Formular kann dabei helfen: Herunterladen, audrucken, ausf\u00fcllen und in die Vorsorgemappe legen. Und Sie sollten auch vertrauensw\u00fcrdige Personen dar\u00fcber informieren.<\/p>\n<p>Das Formular f\u00fcr Passw\u00f6rter finden Sie <a href=\"https:\/\/lsr-bw.de\/seniorenraete\/hohenlohekreis\/wp-content\/uploads\/2021\/03\/2019-04-10_Pers-Aufzeichn-5-Daten-im-Internet_-_Passwoerter.pdf\">hier<\/a>.<\/p>\n<h3>Adressen zu Vorsorgefragen im Hohenlohekreis<\/h3>\n<p>Sich mit Fragen zu selbstbestimmter Vorsorge auseinanderzusetzen, f\u00e4llt oft schwer. Zu gern schiebt man Regelungen vor sich her mit der Begr\u00fcndung, das alles habe noch Zeit. Oft aber verbergen sich hinter dem Aufschub Angst und Unsicherheit. Darum ist Beratung durch Menschen, die sich in all den Fragen auskennen oder die einfach die Fragen mit dem Betroffenen durchdenken, besonders wichtig. Eine Liste all der Organisationen, die Beratung und Hilfe anbieten, finden Sie\u00a0<a href=\"https:\/\/lsr-bw.de\/seniorenraete\/hohenlohekreis\/wp-content\/uploads\/2023\/04\/Hilfreiche-Adressen-Zusatz-Vorsorgemappe_032023.pdf\">hier<\/a>.<\/p>\n<h3>Vorsorgeausweis<\/h3>\n<p><img loading=\"lazy\" class=\" wp-image-2313 alignleft\" src=\"https:\/\/lsr-bw.de\/seniorenraete\/hohenlohekreis\/wp-content\/uploads\/2021\/03\/2021-03-25-Vorsorgeausweis-300x193.png\" alt=\"\" width=\"297\" height=\"191\" srcset=\"https:\/\/lsr-bw.de\/seniorenraete\/hohenlohekreis\/wp-content\/uploads\/2021\/03\/2021-03-25-Vorsorgeausweis-300x193.png 300w, https:\/\/lsr-bw.de\/seniorenraete\/hohenlohekreis\/wp-content\/uploads\/2021\/03\/2021-03-25-Vorsorgeausweis-1024x660.png 1024w, https:\/\/lsr-bw.de\/seniorenraete\/hohenlohekreis\/wp-content\/uploads\/2021\/03\/2021-03-25-Vorsorgeausweis-768x495.png 768w, https:\/\/lsr-bw.de\/seniorenraete\/hohenlohekreis\/wp-content\/uploads\/2021\/03\/2021-03-25-Vorsorgeausweis.png 1082w\" sizes=\"(max-width: 297px) 100vw, 297px\" \/><\/p>\n<p>Damit sich bei einem Notfall die Helfer schnell \u00fcber das Bestehen von Vollmachten, Verf\u00fcgungen und evt. Organspendeausweis informieren k\u00f6nnen, gibt es hier einen Vorsorgeausweis. Laden sie ihn herunter, drucken ihn aus und f\u00fcgen die entsprecchenden Angaben ein. In der Geldb\u00f6rse bei Personalausweis, Blutspendeausweis etc. ist er dann leicht zu finden.<\/p>\n<p>Sie erhalten den Vorsorgeausweis <a href=\"https:\/\/lsr-bw.de\/seniorenraete\/hohenlohekreis\/wp-content\/uploads\/2021\/03\/2021-03-25-vorsorgeausweis_85x55_201022.pdf\">hier<\/a>.<\/p>\n<p>&nbsp;<\/p>\n<p>&nbsp;<\/p>\n<p>&nbsp;<\/p>\n","protected":false},"excerpt":{"rendered":"<p>Die Vorsorgemappe f\u00fcr den Hohenlohekreis Eine Vorsorgemappe mit dem Titel &#8222;Selbstbestimmt vorsorgen&#8220; wurde unter der Federf\u00fchrung des Kreisseniorenrats gemeinsam mit [&hellip;]<\/p>\n","protected":false},"author":3,"featured_media":0,"parent":2041,"menu_order":1,"comment_status":"closed","ping_status":"closed","template":"","meta":[],"_links":{"self":[{"href":"https:\/\/lsr-bw.de\/seniorenraete\/hohenlohekreis\/wp-json\/wp\/v2\/pages\/2043"}],"collection":[{"href":"https:\/\/lsr-bw.de\/seniorenraete\/hohenlohekreis\/wp-json\/wp\/v2\/pages"}],"about":[{"href":"https:\/\/lsr-bw.de\/seniorenraete\/hohenlohekreis\/wp-json\/wp\/v2\/types\/page"}],"author":[{"embeddable":true,"href":"https:\/\/lsr-bw.de\/seniorenraete\/hohenlohekreis\/wp-json\/wp\/v2\/users\/3"}],"replies":[{"embeddable":true,"href":"https:\/\/lsr-bw.de\/seniorenraete\/hohenlohekreis\/wp-json\/wp\/v2\/comments?post=2043"}],"version-history":[{"count":39,"href":"https:\/\/lsr-bw.de\/seniorenraete\/hohenlohekreis\/wp-json\/wp\/v2\/pages\/2043\/revisions"}],"predecessor-version":[{"id":2599,"href":"https:\/\/lsr-bw.de\/seniorenraete\/hohenlohekreis\/wp-json\/wp\/v2\/pages\/2043\/revisions\/2599"}],"up":[{"embeddable":true,"href":"https:\/\/lsr-bw.de\/seniorenraete\/hohenlohekreis\/wp-json\/wp\/v2\/pages\/2041"}],"wp:attachment":[{"href":"https:\/\/lsr-bw.de\/seniorenraete\/hohenlohekreis\/wp-json\/wp\/v2\/media?parent=2043"}],"curies":[{"name":"wp","href":"https:\/\/api.w.org\/{rel}","templated":true}]}}