{"id":2322,"date":"2021-03-19T11:22:03","date_gmt":"2021-03-19T10:22:03","guid":{"rendered":"https:\/\/lsr-bw.de\/seniorenraete\/goeppingen\/?page_id=2322"},"modified":"2021-03-19T11:23:42","modified_gmt":"2021-03-19T10:23:42","slug":"uns-behindert-nichts","status":"publish","type":"page","link":"https:\/\/lsr-bw.de\/seniorenraete\/goeppingen\/unsere-aufgaben\/uns-behindert-nichts\/","title":{"rendered":"Uns behindert nichts"},"content":{"rendered":"<h2><img loading=\"lazy\" class=\"alignnone wp-image-2325 size-medium\" style=\"font-size: 16px;\" src=\"https:\/\/lsr-bw.de\/seniorenraete\/goeppingen\/wp-content\/uploads\/2021\/03\/Wortmarke-300x282.png\" alt=\"UNS BEHINDERT NICHTS\" width=\"300\" height=\"282\" srcset=\"https:\/\/lsr-bw.de\/seniorenraete\/goeppingen\/wp-content\/uploads\/2021\/03\/Wortmarke-300x282.png 300w, https:\/\/lsr-bw.de\/seniorenraete\/goeppingen\/wp-content\/uploads\/2021\/03\/Wortmarke-768x722.png 768w, https:\/\/lsr-bw.de\/seniorenraete\/goeppingen\/wp-content\/uploads\/2021\/03\/Wortmarke.png 878w\" sizes=\"(max-width: 300px) 100vw, 300px\" \/><img loading=\"lazy\" class=\"alignnone wp-image-2324 size-medium\" src=\"https:\/\/lsr-bw.de\/seniorenraete\/goeppingen\/wp-content\/uploads\/2021\/03\/AktionMensch-300x176.png\" alt=\"Aktion Mensch\" width=\"300\" height=\"176\" srcset=\"https:\/\/lsr-bw.de\/seniorenraete\/goeppingen\/wp-content\/uploads\/2021\/03\/AktionMensch-300x176.png 300w, https:\/\/lsr-bw.de\/seniorenraete\/goeppingen\/wp-content\/uploads\/2021\/03\/AktionMensch-1024x602.png 1024w, https:\/\/lsr-bw.de\/seniorenraete\/goeppingen\/wp-content\/uploads\/2021\/03\/AktionMensch-768x451.png 768w, https:\/\/lsr-bw.de\/seniorenraete\/goeppingen\/wp-content\/uploads\/2021\/03\/AktionMensch.png 1181w\" sizes=\"(max-width: 300px) 100vw, 300px\" \/><\/h2>\n<h2>Inklusionsprojekt \u201eUNS BEHINDERT NICHTS \u2013 Gelebte Inklusion vernetzen\u201c<\/h2>\n<p>Dem Kreisseniorenrat G\u00f6ppingen ist die Teilhabe der Menschen mit Behinderungen an der Gesellschaft insbesondere im hohen Alter ein besonderes Anliegen.<\/p>\n<p>Von 2015 bis 2018 hat der Kreisseniorenrat gemeinsam mit der Lebenshilfe G\u00f6ppingen, dem Kreisjugendring G\u00f6ppingen und der Volkshochschule G\u00f6ppingen das Inklusionsprojekt \u201eUNS BEHINDERT NICHTS \u2013 Gelebte Inklusion vernetzen\u201c durchgef\u00fchrt und wurde dabei von Aktion Mensch unterst\u00fctzt.<\/p>\n<p>Das Projekt hat sich mit den Lebensbereichen Wohnen, Freizeit, Bildung und Arbeit auseinandergesetzt.<\/p>\n<h2>Leichte Sprache<\/h2>\n<p>Menschen mit Behinderungen sollen im Landkreis G\u00f6ppingen \u00fcberall dabei sein. Das gilt f\u00fcr alle Lebensbereiche. Wie zum Beispiel: Wohnen, Freizeit, Bildung und Arbeit. Man nennt das Inklusion. Damit das klappt haben Personen von der Lebenshilfe G\u00f6ppingen, der Volkshochschule G\u00f6ppingen, des Kreisjugendrings G\u00f6ppingen und des Kreisseniorenrats G\u00f6ppingen drei Jahre lang zusammen gearbeitet.<\/p>\n<p>Sie sind weiterhin Partner. Sie wollen herausfinden, was f\u00fcr Menschen mit Behinderungen schwierig ist. Und was man besser machen kann, damit Menschen mit Behinderungen \u00fcberall teilhaben k\u00f6nnen.<\/p>\n","protected":false},"excerpt":{"rendered":"<p>Inklusionsprojekt \u201eUNS BEHINDERT NICHTS \u2013 Gelebte Inklusion vernetzen\u201c Dem Kreisseniorenrat G\u00f6ppingen ist die Teilhabe der Menschen mit Behinderungen an der [&hellip;]<\/p>\n","protected":false},"author":3,"featured_media":0,"parent":174,"menu_order":3,"comment_status":"closed","ping_status":"closed","template":"","meta":[],"_links":{"self":[{"href":"https:\/\/lsr-bw.de\/seniorenraete\/goeppingen\/wp-json\/wp\/v2\/pages\/2322"}],"collection":[{"href":"https:\/\/lsr-bw.de\/seniorenraete\/goeppingen\/wp-json\/wp\/v2\/pages"}],"about":[{"href":"https:\/\/lsr-bw.de\/seniorenraete\/goeppingen\/wp-json\/wp\/v2\/types\/page"}],"author":[{"embeddable":true,"href":"https:\/\/lsr-bw.de\/seniorenraete\/goeppingen\/wp-json\/wp\/v2\/users\/3"}],"replies":[{"embeddable":true,"href":"https:\/\/lsr-bw.de\/seniorenraete\/goeppingen\/wp-json\/wp\/v2\/comments?post=2322"}],"version-history":[{"count":3,"href":"https:\/\/lsr-bw.de\/seniorenraete\/goeppingen\/wp-json\/wp\/v2\/pages\/2322\/revisions"}],"predecessor-version":[{"id":2327,"href":"https:\/\/lsr-bw.de\/seniorenraete\/goeppingen\/wp-json\/wp\/v2\/pages\/2322\/revisions\/2327"}],"up":[{"embeddable":true,"href":"https:\/\/lsr-bw.de\/seniorenraete\/goeppingen\/wp-json\/wp\/v2\/pages\/174"}],"wp:attachment":[{"href":"https:\/\/lsr-bw.de\/seniorenraete\/goeppingen\/wp-json\/wp\/v2\/media?parent=2322"}],"curies":[{"name":"wp","href":"https:\/\/api.w.org\/{rel}","templated":true}]}}