{"id":2274,"date":"2021-03-19T09:29:29","date_gmt":"2021-03-19T08:29:29","guid":{"rendered":"https:\/\/lsr-bw.de\/seniorenraete\/goeppingen\/unsere-aufgaben\/internet-und-pc-treff\/"},"modified":"2022-01-20T09:40:37","modified_gmt":"2022-01-20T08:40:37","slug":"internet-und-pc-treff","status":"publish","type":"page","link":"https:\/\/lsr-bw.de\/seniorenraete\/goeppingen\/unsere-aufgaben\/internet-und-pc-treff\/","title":{"rendered":"Internet- und PC-Treff"},"content":{"rendered":"<h2>Internet- und PC-Treff in Geislingen und S\u00fc\u00dfen<\/h2>\n<p>Unser Projekt PC-Treff hat sich seit dem Start am 02.07.2013 in Geislingen zu einem festen Treffpunkt entwickelt.<\/p>\n<p>Wir treffen uns in Geislingen immer zum letzten Dienstag im Monat in den R\u00e4umen der <a href=\"https:\/\/www.stadtbuecherei-geislingen.de\/de\/startseite\" target=\"_blank\" rel=\"noopener\">Stadtb\u00fccherei Geislingen<\/a>\u00a0im 1. OG nachmittags von 15.00 bis 17:00 Uhr. Hier bekommen wir von der Stadtb\u00fccherei kostenlosen Internetzugang.<\/p>\n<p>In S\u00fc\u00dfen hat sich unser Internet und PC-Treff ebenfalls positiv zu einem festen Treffpunkt entwickelt. Wir treffen uns immer am zweiten Dienstag im Monat im Lesecaf\u00e9\u00a0der <a href=\"https:\/\/stadtbuecherei.suessen.de\/start.html\" target=\"_blank\" rel=\"noopener\">Stadtb\u00fccherei S\u00fc\u00dfen<\/a> vormittags von 10.00 bis 12.00 Uhr.\u00a0Auch hier haben wir kostenlosen Internetzugang.<\/p>\n<p>Die Besucherzahl ist hier in S\u00fc\u00dfen gr\u00f6\u00dfer als in Geislingen, im Schnitt kommen in S\u00fc\u00dfen zwischen 10 und 15 Personen. Die Teilnehmer kommen mit unterschiedlichsten Fragen und Problemen zu uns. Diese werden so gut wie m\u00f6glich besprochen und Abhilfe geschaffen.<\/p>\n","protected":false},"excerpt":{"rendered":"<p>Internet- und PC-Treff in Geislingen und S\u00fc\u00dfen Unser Projekt PC-Treff hat sich seit dem Start am 02.07.2013 in Geislingen zu [&hellip;]<\/p>\n","protected":false},"author":3,"featured_media":0,"parent":174,"menu_order":2,"comment_status":"closed","ping_status":"closed","template":"","meta":[],"_links":{"self":[{"href":"https:\/\/lsr-bw.de\/seniorenraete\/goeppingen\/wp-json\/wp\/v2\/pages\/2274"}],"collection":[{"href":"https:\/\/lsr-bw.de\/seniorenraete\/goeppingen\/wp-json\/wp\/v2\/pages"}],"about":[{"href":"https:\/\/lsr-bw.de\/seniorenraete\/goeppingen\/wp-json\/wp\/v2\/types\/page"}],"author":[{"embeddable":true,"href":"https:\/\/lsr-bw.de\/seniorenraete\/goeppingen\/wp-json\/wp\/v2\/users\/3"}],"replies":[{"embeddable":true,"href":"https:\/\/lsr-bw.de\/seniorenraete\/goeppingen\/wp-json\/wp\/v2\/comments?post=2274"}],"version-history":[{"count":6,"href":"https:\/\/lsr-bw.de\/seniorenraete\/goeppingen\/wp-json\/wp\/v2\/pages\/2274\/revisions"}],"predecessor-version":[{"id":2618,"href":"https:\/\/lsr-bw.de\/seniorenraete\/goeppingen\/wp-json\/wp\/v2\/pages\/2274\/revisions\/2618"}],"up":[{"embeddable":true,"href":"https:\/\/lsr-bw.de\/seniorenraete\/goeppingen\/wp-json\/wp\/v2\/pages\/174"}],"wp:attachment":[{"href":"https:\/\/lsr-bw.de\/seniorenraete\/goeppingen\/wp-json\/wp\/v2\/media?parent=2274"}],"curies":[{"name":"wp","href":"https:\/\/api.w.org\/{rel}","templated":true}]}}