{"id":110,"date":"2020-10-19T07:11:40","date_gmt":"2020-10-19T07:11:40","guid":{"rendered":"https:\/\/lsr-bw.de\/seniorenraete\/goeppingen\/?page_id=110"},"modified":"2022-01-12T16:24:46","modified_gmt":"2022-01-12T15:24:46","slug":"wer-wir-sind","status":"publish","type":"page","link":"https:\/\/lsr-bw.de\/seniorenraete\/goeppingen\/wer-wir-sind\/","title":{"rendered":"Wer wir sind"},"content":{"rendered":"\t\t<div data-elementor-type=\"wp-page\" data-elementor-id=\"110\" class=\"elementor elementor-110\" data-elementor-settings=\"[]\">\n\t\t\t\t\t\t<div class=\"elementor-inner\">\n\t\t\t\t\t\t\t<div class=\"elementor-section-wrap\">\n\t\t\t\t\t\t\t<section class=\"elementor-section elementor-top-section elementor-element elementor-element-53ad06f elementor-section-boxed elementor-section-height-default elementor-section-height-default\" data-id=\"53ad06f\" data-element_type=\"section\">\n\t\t\t\t\t\t<div class=\"elementor-container elementor-column-gap-default\">\n\t\t\t\t\t\t\t<div class=\"elementor-row\">\n\t\t\t\t\t<div class=\"elementor-column elementor-col-100 elementor-top-column elementor-element elementor-element-24b3117\" data-id=\"24b3117\" data-element_type=\"column\">\n\t\t\t<div class=\"elementor-column-wrap\">\n\t\t\t\t\t\t\t<div class=\"elementor-widget-wrap\">\n\t\t\t\t\t\t\t\t<\/div>\n\t\t\t\t\t<\/div>\n\t\t<\/div>\n\t\t\t\t\t\t\t\t<\/div>\n\t\t\t\t\t<\/div>\n\t\t<\/section>\n\t\t\t\t<section class=\"elementor-section elementor-top-section elementor-element elementor-element-78350494 elementor-section-boxed elementor-section-height-default elementor-section-height-default\" data-id=\"78350494\" data-element_type=\"section\">\n\t\t\t\t\t\t<div class=\"elementor-container elementor-column-gap-default\">\n\t\t\t\t\t\t\t<div class=\"elementor-row\">\n\t\t\t\t\t\t\t\t\t<\/div>\n\t\t\t\t\t<\/div>\n\t\t<\/section>\n\t\t\t\t<section class=\"elementor-section elementor-top-section elementor-element elementor-element-4eb3eef elementor-section-boxed elementor-section-height-default elementor-section-height-default\" data-id=\"4eb3eef\" data-element_type=\"section\">\n\t\t\t\t\t\t<div class=\"elementor-container elementor-column-gap-default\">\n\t\t\t\t\t\t\t<div class=\"elementor-row\">\n\t\t\t\t\t<div class=\"elementor-column elementor-col-50 elementor-top-column elementor-element elementor-element-1685c4a\" data-id=\"1685c4a\" data-element_type=\"column\">\n\t\t\t<div class=\"elementor-column-wrap elementor-element-populated\">\n\t\t\t\t\t\t\t<div class=\"elementor-widget-wrap\">\n\t\t\t\t\t\t<div class=\"elementor-element elementor-element-d823081 elementor-widget elementor-widget-image\" data-id=\"d823081\" data-element_type=\"widget\" data-widget_type=\"image.default\">\n\t\t\t\t<div class=\"elementor-widget-container\">\n\t\t\t\t\t\t\t\t<div class=\"elementor-image\">\n\t\t\t\t\t\t\t\t\t<figure class=\"wp-caption\">\n\t\t\t\t\t\t\t\t\t\t<img width=\"682\" height=\"1024\" src=\"https:\/\/lsr-bw.de\/seniorenraete\/goeppingen\/wp-content\/uploads\/2022\/01\/hochstaufen-g51012c7f3_1280-682x1024.jpg\" class=\"attachment-large size-large\" alt=\"\" loading=\"lazy\" srcset=\"https:\/\/lsr-bw.de\/seniorenraete\/goeppingen\/wp-content\/uploads\/2022\/01\/hochstaufen-g51012c7f3_1280-682x1024.jpg 682w, https:\/\/lsr-bw.de\/seniorenraete\/goeppingen\/wp-content\/uploads\/2022\/01\/hochstaufen-g51012c7f3_1280-200x300.jpg 200w, https:\/\/lsr-bw.de\/seniorenraete\/goeppingen\/wp-content\/uploads\/2022\/01\/hochstaufen-g51012c7f3_1280-768x1152.jpg 768w, https:\/\/lsr-bw.de\/seniorenraete\/goeppingen\/wp-content\/uploads\/2022\/01\/hochstaufen-g51012c7f3_1280.jpg 853w\" sizes=\"(max-width: 682px) 100vw, 682px\" \/>\t\t\t\t\t\t\t\t\t\t\t<figcaption class=\"widget-image-caption wp-caption-text\">\u00a9 wolfram freutel\/pixabay.com<\/figcaption>\n\t\t\t\t\t\t\t\t\t\t<\/figure>\n\t\t\t\t\t\t\t\t<\/div>\n\t\t\t\t\t\t<\/div>\n\t\t\t\t<\/div>\n\t\t\t\t\t\t<\/div>\n\t\t\t\t\t<\/div>\n\t\t<\/div>\n\t\t\t\t<div class=\"elementor-column elementor-col-50 elementor-top-column elementor-element elementor-element-6991c5f3\" data-id=\"6991c5f3\" data-element_type=\"column\">\n\t\t\t<div class=\"elementor-column-wrap elementor-element-populated\">\n\t\t\t\t\t\t\t<div class=\"elementor-widget-wrap\">\n\t\t\t\t\t\t<div class=\"elementor-element elementor-element-ef88d36 elementor-widget elementor-widget-text-editor\" data-id=\"ef88d36\" data-element_type=\"widget\" data-widget_type=\"text-editor.default\">\n\t\t\t\t<div class=\"elementor-widget-container\">\n\t\t\t\t\t\t\t\t<div class=\"elementor-text-editor elementor-clearfix\">\n\t\t\t\t<h2>\u00dcber uns<\/h2><p>Teilhabe, Selbstbestimmung und Sicherheit sind die Interessen unserer Mitglieder, die wir nach au\u00dfen im Bereich von Politik und Gesellschaft zu vertreten haben.<\/p><p>Unsere Aufgabe ist es, auf die Anliegen der \u00e4lteren Menschen aufmerksam zu machen und gegen ein einseitiges Bild vom Alter hinzuwirken. Wir arbeiten mit an L\u00f6sungen und nehmen Stellung zu Vorhaben und Planungen, die sie betreffen.<\/p><p>Wir beraten Senioren in allen Fragen, die sie betreffen und unterst\u00fctzen \u00f6rtliche Initiativen.<\/p><p>Dazu f\u00fchren wir jeweils am ersten Donnerstag eines Monats im Landratsamt G\u00f6ppingen von 14.00 bis 16.00 Uhr Sprechstunden durch. Im Mittelpunkt stehen Fragen zur Vorsorgevollmacht, Betreuungsverf\u00fcgung und Patientenverf\u00fcgung.<\/p>\t\t\t\t\t<\/div>\n\t\t\t\t\t\t<\/div>\n\t\t\t\t<\/div>\n\t\t\t\t\t\t<\/div>\n\t\t\t\t\t<\/div>\n\t\t<\/div>\n\t\t\t\t\t\t\t\t<\/div>\n\t\t\t\t\t<\/div>\n\t\t<\/section>\n\t\t\t\t\t\t<\/div>\n\t\t\t\t\t\t<\/div>\n\t\t\t\t\t<\/div>\n\t\t","protected":false},"excerpt":{"rendered":"<p>\u00a9 wolfram freutel\/pixabay.com \u00dcber uns Teilhabe, Selbstbestimmung und Sicherheit sind die Interessen unserer Mitglieder, die wir nach au\u00dfen im Bereich [&hellip;]<\/p>\n","protected":false},"author":3,"featured_media":0,"parent":0,"menu_order":1,"comment_status":"closed","ping_status":"closed","template":"","meta":[],"_links":{"self":[{"href":"https:\/\/lsr-bw.de\/seniorenraete\/goeppingen\/wp-json\/wp\/v2\/pages\/110"}],"collection":[{"href":"https:\/\/lsr-bw.de\/seniorenraete\/goeppingen\/wp-json\/wp\/v2\/pages"}],"about":[{"href":"https:\/\/lsr-bw.de\/seniorenraete\/goeppingen\/wp-json\/wp\/v2\/types\/page"}],"author":[{"embeddable":true,"href":"https:\/\/lsr-bw.de\/seniorenraete\/goeppingen\/wp-json\/wp\/v2\/users\/3"}],"replies":[{"embeddable":true,"href":"https:\/\/lsr-bw.de\/seniorenraete\/goeppingen\/wp-json\/wp\/v2\/comments?post=110"}],"version-history":[{"count":18,"href":"https:\/\/lsr-bw.de\/seniorenraete\/goeppingen\/wp-json\/wp\/v2\/pages\/110\/revisions"}],"predecessor-version":[{"id":2413,"href":"https:\/\/lsr-bw.de\/seniorenraete\/goeppingen\/wp-json\/wp\/v2\/pages\/110\/revisions\/2413"}],"wp:attachment":[{"href":"https:\/\/lsr-bw.de\/seniorenraete\/goeppingen\/wp-json\/wp\/v2\/media?parent=110"}],"curies":[{"name":"wp","href":"https:\/\/api.w.org\/{rel}","templated":true}]}}